hundred thousands digit of 1240716?
2
What is the units digit of 1829879?
9
What is the thousands digit of 636754?
6
What is the thousands digit of 455059?
5
What is the hundreds digit of 15518415?
4
What is the hundred thousands digit of 6362854?
3
What is the hundreds digit of 7800833?
8
What is the units digit of 2226209?
9
What is the ten millions digit of 11725204?
1
What is the millions digit of 4485378?
4
What is the thousands digit of 341334?
1
What is the tens digit of 514428?
2
What is the ten thousands digit of 155879?
5
What is the tens digit of 1956942?
4
What is the millions digit of 3961041?
3
What is the units digit of 2117350?
0
What is the hundreds digit of 6412366?
3
What is the units digit of 94834?
4
What is the hundred thousands digit of 4104580?
1
What is the ten thousands digit of 233833?
3
What is the units digit of 2250484?
4
What is the thousands digit of 2108734?
8
What is the hundred thousands digit of 265450?
2
What is the tens digit of 652612?
1
What is the thousands digit of 35700?
5
What is the tens digit of 1794434?
3
What is the hundreds digit of 1300262?
2
What is the hundreds digit of 11263520?
5
What is the ten thousands digit of 52418?
5
What is the tens digit of 7731447?
4
What is the thousands digit of 5737240?
7
What is the hundreds digit of 4139228?
2
What is the tens digit of 1522003?
0
What is the hundred thousands digit of 4843741?
8
What is the millions digit of 1271797?
1
What is the ten thousands digit of 14149887?
4
What is the ten thousands digit of 2471802?
7
What is the tens digit of 65025?
2
What is the units digit of 591504?
4
What is the ten thousands digit of 261988?
6
What is the ten millions digit of 22281021?
2
What is the ten thousands digit of 6265707?
6
What is the hundreds digit of 25465033?
0
What is the thousands digit of 366270?
6
What is the millions digit of 1835115?
1
What is the hundreds digit of 189786?
7
What is the units digit of 27848613?
3
What is the hundreds digit of 4281877?
8
What is the tens digit of 3463264?
6
What is the ten thousands digit of 156503?
5
What is the hundreds digit of 644434?
4
What is the units digit of 1596400?
0
What is the units digit of 31295?
5
What is the hundred thousands digit of 11844124?
8
What is the hundreds digit of 396327?
3
What is the ten thousands digit of 114620?
1
What is the hundred thousands digit of 8555815?
5
What is the thousands digit of 108575?
8
What is the tens digit of 2529702?
0
What is the units digit of 1300701?
1
What is the ten thousands digit of 223983?
2
What is the tens digit of 267727?
2
What is the millions digit of 2823073?
2
What is the units digit of 34116092?
2
What is the millions digit of 2861869?
2
What is the ten thousands digit of 6213259?
1
What is the hundred thousands digit of 2781685?
7
What is the millions digit of 1309143?
1
What is the ten thousands digit of 11967266?
6
What is the ten millions digit of 11199617?
1
What is the hundreds digit of 7205741?
7
What is the units digit of 12272817?
7
What is the hundred thousands digit of 5845937?
8
What is the hundreds digit of 10220812?
8
What is the hundreds digit of 134414?
4
What is the hundred thousands digit of 5043718?
0
What is the thousands digit of 14849459?
9
What is the thousands digit of 1125664?
5
What is the thousands digit of 607211?
7
What is the hundred thousands digit of 7140904?
1
What is the thousands digit of 4584127?
4
What is the hundred thousands digit of 11783517?
7
What is the tens digit of 11961520?
2
What is the hundreds digit of 155024?
0
What is the thousands digit of 1587894?
7
What is the thousands digit of 591024?
1
What is the hundreds digit of 659886?
8
What is the hundreds digit of 5181666?
6
What is the thousands digit of 9988465?
8
What is the hundred thousands digit of 426370?
4
What is the hundred thousands digit of 1232339?
2
What is the tens digit of 861736?
3
What is the units digit of 1258466?
6
What is the ten thousands digit of 974986?
7
What is the thousands digit of 911353?
1
What is the units digit of 82541?
1
What is the thousands digit of 287925?
7
What is the hundreds digit of 2267884?
8
What is the thousands digit of 844766?
4
What is the hundreds digit of 12846730?
7
What is the units digit of 10679?
9
What is the hundred thousands digit of 4811598?
8
What is the hundred thousands digit of 382878?
3
What is the hundred thousands digit of 25670531?
6
What is the millions digit of 3124168?
3
What is the thousands digit of 1280057?
0
What is the ten thousands digit of 7393813?
9
What is the hundreds digit of 1002022?
0
What is the units digit of 1075212?
2
What is the units digit of 352925?
5
What is the ten thousands digit of 1263984?
6
What is the tens digit of 1245270?
7
What is the units digit of 747155?
5
What is the thousands digit of 59381?
9
What is the ten millions digit of 11427995?
1
What is the hundred thousands digit of 1238042?
2
What is the units digit of 74302?
2
What is the tens digit of 1182516?
1
What is the ten thousands digit of 1755283?
5
What is the hundreds digit of 275752?
7
What is the thousands digit of 580584?
0
What is the units digit of 1026115?
5
What is the hundred thousands digit of 208229?
2
What is the ten thousands digit of 1289970?
8
What is the units digit of 46318?
8
What is the hundred thousands digit of 23708984?
7
What is the units digit of 900927?
7
What is the tens digit of 7345735?
3
What is the ten thousands digit of 210941?
1
What is the tens digit of 1197348?
4
What is the tens digit of 1205677?
7
What is the ten thousands digit of 353087?
5
What is the tens digit of 1300426?
2
What is the units digit of 2898898?
8
What is the tens digit of 13713870?
7
What is the units digit of 216384?
4
What is the hundreds digit of 3493006?
0
What is the tens digit of 499618?
1
What is the ten thousands digit of 45831?
4
What is the ten thousands digit of 734367?
3
What is the hundreds digit of 40527?
5
What is the tens digit of 3446936?
3
What is the hundreds digit of 654441?
4
What is the millions digit of 1232227?
1
What is the ten thousands digit of 4879142?
7
What is the units digit of 3029694?
4
What is the thousands digit of 9136743?
6
What is the tens digit of 98915?
1
What is the thousands digit of 453253?
3
What is the units digit of 1681045?
5
What is the units digit of 17667045?
5
What is the hundreds digit of 193780?
7
What is the millions digit of 10353272?
0
What is the tens digit of 1684472?
7
What is the units digit of 879242?
2
What is the thousands digit of 173556?
3
What is the ten thousands digit of 3295470?
9
What is the hundred thousands digit of 18039969?
0
What is the hundreds digit of 8070689?
6
What is the hundreds digit of 1765126?
1
What is the hundred thousands digit of 165832?
1
What is the hundreds digit of 10378732?
7
What is the tens digit of 475836?
3
What is the hundred thousands digit of 366556?
3
What is the hundred thousands digit of 530664?
5
What is the units digit of 610326?
6
What is the thousands digit of 20597?
0
What is the thousands digit of 2506522?
6
What is the tens digit of 2801459?
5
What is the ten thousands digit of 82476?
8
What is the thousands digit of 303386?
3
What is the millions digit of 5586068?
5
What is the ten millions digit of 10213327?
1
What is the ten thousands digit of 1128042?
2
What is the tens digit of 611396?
9
What is the hundreds digit of 5605078?
0
What is the thousands digit of 265993?
5
What is the hundreds digit of 13054258?
2
What is the ten thousands digit of 840024?
4
What is the hundreds digit of 1138102?
1
What is the units digit of 1618072?
2
What is the units digit of 85730?
0
What is the thousands digit of 460483?
0
What is the tens digit of 982514?
1
What is the units digit of 16005556?
6
What is the tens digit of 11096108?
0
What is the millions digit of 4611064?
4
What is the hundred thousands digit of 4427138?
4
What is the millions digit of 29911258?
9
What is the ten thousands digit of 687195?
8
What is the ten thousands digit of 202139?
0
What is the tens digit of 388816?
1
What is the thousands digit of 864419?
4
What is the hundreds digit of 831917?
9
What is the hundreds digit of 227834?
8
What is the hundred thousands digit of 1594853?
5
What is the hundred thou